-p*h. What is the units digit of h?
2
Let o = -177 - -170. What is the units digit of (3 - -63) + (-12 - o)?
1
Let u = 11653 - -7772. What is the tens digit of u?
2
Let s be ((-22)/3 + 3)*-3. Suppose -15*t + s*t = -308. Let l = t + -83. What is the tens digit of l?
7
Let v be (-13)/(3 - (2 + 0)). Let s = v + 42. What is the tens digit of s?
2
Let t be (36/(-42))/((-2)/7). Suppose -4*w - t*w = -742. What is the tens digit of -3*w*(-4)/24?
5
Suppose 0 = 284*g - 6384735 - 3211625. What is the units digit of g?
0
Let v = 4433 - 447. What is the tens digit of v?
8
Let s be -71*1/2*-2. Suppose 79*w = s*w + 744. What is the tens digit of w?
9
Let m(z) = -2*z**2 + 34*z + 5. Let s be m(14). Suppose -f + s = -4*d, f = -5*d + 42 + 74. Suppose 0 = -7*i + f + 431. What is the units digit of i?
6
What is the tens digit of (46 - 45)/(2/(-42))*-1?
2
What is the thousands digit of ((-4432)/(-8) + -2)*(5 - 127/(-4))?
0
Let x(k) = 86*k + 50. Let j be x(3). Suppose -m - m + 631 = n, -m + n = -j. What is the tens digit of m?
1
Let n(z) = 754*z + 756. What is the units digit of n(5)?
6
Suppose 5269*v + 1170126 = 5300*v. What is the ten thousands digit of v?
3
Let r(l) = 2*l**3 + 19*l**2 - 11*l - 8. Let x = 180 + -186. What is the tens digit of r(x)?
1
Suppose -k + 63 = -3*y + 258, -3*k - 3*y = 597. What is the tens digit of 4 + k/45 + (-6874)/(-10)?
8
Let k be 4/(-6)*(-390)/10. Suppose -18946 - 22602 = -k*b. What is the hundreds digit of b?
5
Let j(d) = -7*d**3 + 7*d**2 + 25*d + 2. Let m(p) = 15*p**3 - 14*p**2 - 51*p - 5. Let b(v) = -13*j(v) - 6*m(v). What is the hundreds digit of b(11)?
2
Suppose -11986 - 10014 = -10*t. Suppose 5*w - 10*w + t = 0. What is the units digit of w?
0
Suppose -5*x = 4*x - 135. Suppose 4*s - x = -s. What is the tens digit of (4 + -3)/(s/51)?
1
Suppose -3*f + 18783 = -c, 5*c - 80 + 110 = 0. What is the tens digit of f?
5
Let b be (3 - 7/1) + 0 + 4. Suppose -17*a - 5*a + 3036 = b. What is the units digit of a?
8
Suppose 1 = -5*n + w + 2*w, -w = -2*n - 1. What is the hundreds digit of (6 + 531/(-2))*n?
5
Let r be ((-1)/2)/((-6)/12). Suppose 10*i - r - 29 = 0. Suppose 4*b = -o + 6*o - 243, 4*b + 141 = i*o. What is the units digit of o?
1
Suppose 2*k = k + 3. Let i(b) = -100 + 103 - 2*b**3 + 4*b + k*b**3 - 13*b**2. What is the units digit of i(13)?
5
Let o be 574/(-205)*(-2)/((-4)/5). What is the units digit of o/14*(0 - (1141 + 3))?
2
Let x(p) = -26*p + 703. Let a be x(25). Let j(c) = -3*c**2 + 5*c - 4. Let q be j(4). Let n = q + a. What is the units digit of n?
1
Suppose 0 = -1537*v + 1560*v - 443486. What is the hundreds digit of v?
2
Let d(b) = b**3 + 67*b**2 - 159*b + 143. What is the hundreds digit of d(-65)?
9
Suppose 110*k - 3 = 111*k, -2*b + 2*k + 26806 = 0. What is the ten thousands digit of b?
1
Suppose 13*z = 14*z - 2*k - 1, 2*k = 4*z - 10. Let q(i) = 7*i**3 - i**2 + 4*i - 16. What is the units digit of q(z)?
6
Suppose -91504 = -34*j - 5*j + 20*j. What is the tens digit of j?
1
Let p(r) = 7*r**2 + 4*r - 24. Let y be (8 + (-310)/30)/((-1)/3). What is the units digit of p(y)?
7
Let w = 35330 - 24149. What is the tens digit of w?
8
Let x be (-2812)/3*51/34. Let z = -292 - x. What is the thousands digit of z?
1
Let i = -1210 + 5287. What is the units digit of i/63 - (-3 + (-57)/(-21))?
5
Let w be (-1 - -2)/(-3) + 13450/30. Suppose -24*m = -17*m - w. What is the tens digit of m?
6
Suppose -38 = x - 4*f, 4*x = 4*f + 13 - 105. Let j be 56/10 + (x/10)/3. What is the tens digit of j/(60/327)*4?
0
Let v = -38 - -124. Let n = 111 + v. What is the units digit of n?
7
Let j(m) = -m**3 + m**2 + m + 3. Let z be j(0). Suppose -z*x + 5 = 4*b, -b + 5*x + 12 + 18 = 0. Suppose 0 = -d + b*d - 136. What is the units digit of d?
4
Let s(p) = -20*p**3 - p - 4. Suppose 0 = 14*a - 11 - 17. Let t be s(a). Let l = 256 + t. What is the units digit of l?
0
Let a(m) = 3*m**3 + m**2 - 2*m + 1. Suppose -2*w - 2 = -4*w. Let f be a(w). Let l(p) = 5*p**2 - 5*p + 1. What is the units digit of l(f)?
1
What is the tens digit of (2 + -9)/28 - (-201285)/20?
6
Let n = -14 - -85. Let v = 374 + n. What is the units digit of v?
5
Suppose 261*u - 44864 = 253*u. What is the hundreds digit of u?
6
Let o(l) = l**3 - 30*l**2 + 4. Let d be o(30). Suppose -3*p + 1716 = 4*b - 8*p, d*b - 1684 = -3*p. What is the tens digit of b?
2
What is the hundreds digit of (-7988)/9*33291/(-822)?
9
Suppose 0 = 3990*v - 3982*v - 15432. What is the tens digit of v?
2
Suppose 57*t - 81*t - 276480 = -3*y, t = 2*y - 184260. What is the ten thousands digit of y?
9
Let x(n) = n**2 + 6*n + 10. Let o be x(-4). Suppose 2*c = o + 2, 2*c = -p + 407. What is the hundreds digit of p?
4
Let m(u) = -u**2 + 9*u - 16. Let a be m(6). Suppose a*i + 168 = 482. What is the tens digit of i?
5
Let z(j) = 19*j - 10. Let m be z(9). Let s = m - 39. Let n = s + -42. What is the units digit of n?
0
Let a(q) = -2*q + 20 + 69 + 19 - 8 + q**2 + 3. What is the hundreds digit of a(0)?
1
Suppose -2*t + 97 = -3*t - 2*x, -3*x = 3*t + 288. What is the units digit of 3/(3 + -6) - t?
4
What is the units digit of ((-183484)/(-35))/((-4)/(-10))?
6
Let s be (-92)/(-3) - 2/3. Let u = -130 + s. What is the units digit of 5*(3 + (-17)/5) - u?
8
Let w = 124 + 143. Let o = w + -153. What is the units digit of o?
4
Let u(s) = 7 - 7 - 2*s**2 - 4 - 5*s - 6*s + 18*s**2. What is the hundreds digit of u(-3)?
1
Suppose 0 = 2*w, -2*i - 2*i + 20 = 3*w. Suppose i*r + 5*a - 45 = 0, 4*r + 5*a - 38 = 3. What is the units digit of (-1)/(10/42 - r/16)?
4
Suppose 4*r - 20391 = 40633 + 4244. What is the units digit of r?
7
Let h = -5066 + 10498. What is the tens digit of h?
3
Suppose 10*p = -5*p + 240. Suppose -3*s - 5*f = -p, 0 = 4*s + 3*f + 8 - 33. Suppose -3*c = 2*n - 549, -5*c + s*c = 6. What is the tens digit of n?
7
What is the thousands digit of (795 - (-45 + 16))/((-204)/(-99) + -2)?
3
Suppose t - 14 = u, -13*t + 4*u - 7 = -16*t. What is the hundreds digit of t/(-6)*(3 + -423)?
6
Suppose -52 = -2*a - 50. Suppose -4*y - 479 = -u - 4*u, -a = y. What is the units digit of u?
5
Let m(a) = 823*a + 93. Let o be m(3). Suppose -19*k = -25*k + o. What is the hundreds digit of k?
4
Let k(s) = s**3 + 8*s**2 + 6*s - 5. Let v be k(-7). Let j = 21 + v. Suppose 4*d = -0*f + 3*f - j, -f + 5*d = -4. What is the units digit of f?
9
Suppose l - 4*j - 42062 = 0, 3*l - 8*j - 126306 = -11*j. What is the tens digit of l?
9
What is the thousands digit of 4/(180/461841) - 6/(-405)*-9?
0
Suppose 0 = 5*v - 258 - 32. Let l be v/18 - (-10)/(-45). What is the units digit of 0 + 37 - l*(-1)/(-3)?
6
Let d(q) = -q**3 - 58*q**2 + 53*q + 12. What is the thousands digit of d(-61)?
7
Suppose 34854 = 4*n - 5*l, 3*n - 6*l - 17420 = n. What is the tens digit of n?
1
What is the hundreds digit of (-10)/(30/21) + 4189?
1
Let c(f) = 3*f**2 + 14*f - 573. What is the hundreds digit of c(-40)?
6
Suppose -9686 = -9*f + i - 6*i, -1104 = -f + 5*i. What is the thousands digit of f?
1
Let v(u) = 2*u**2 + 204*u + 10239. What is the tens digit of v(-176)?
8
Let j be ((-6)/(-21) + 1665/(-21))*-7. Let p = j + -165. What is the units digit of p?
8
Suppose -322*v - 3612 = -326*v. Suppose -x = 2*x - v. What is the tens digit of x?
0
Suppose 3*m - r = 16990, 28305 = 5*m - 0*m - 4*r. Suppose -31*d - m = -42*d. What is the units digit of d?
5
Suppose 7*r = -5*h + 5*r + 28, 2*r = 5*h - 12. Suppose -3*q = h*d - 445, 585 = 5*d - 0*d - 2*q. What is the units digit of d?
5
Let p be (1/(20/715))/(1/12). Suppose -p - 95 = -4*h. Suppose -389 - h = -8*m. What is the units digit of m?
5
Suppose -7*q = -10*q + 15. Suppose i - 2*d = -3 - 0, q*d = 4*i. Suppose -i*a + 4*l = -0*l - 972, -4*a + 756 = 4*l. What is the units digit of a?
2
Suppose -2*r = -z - 138707, -3*z = -4*r + 227197 + 50212. What is the units digit of r?
6
Let o(k) = -k**2 - 4*k + 32. Let u be o(-8). Suppose 2*d - 15 + 29 = u. Let w(j) = 3*j**2 + 12*j + 8. What is the tens digit of w(d)?
7
Let x(b) be the first derivative of 7*b**2 - 19*b + 67. Suppose -3*k - 2*f = -36, 15 = 3*k - f - 4*f. What is the tens digit of x(k)?
2
Let l be ((-76)/36*3)/((-1)/(-15)). Let n = l + 161. What is the units digit of n?
6
Suppose 6*u - 128 = 52. Suppose 0 = 5*l - 4*a - 295, l = 2*l + 5*a - u. What is the units digit of l?
5
Let r(s) be the third derivative of -s**6/120 